x be ((-1050)/(-28))/((6/(-8))/(-1)). Let g = h + x. Let w(f) = f**3 - 6*f**2 + 5*f + 6. Calculate w(g).
6
Let t be (4 + -18 + 11)*-1. Let d(z) = -44*z - 1. What is d(t)?
-133
Let w(m) = -3*m**2 + 16*m - 17. Let r(f) = 12*f**2 + 138*f - 61. Let q be r(-12). Give w(q).
-204
Let q(f) = f**2 + 16*f - 12. Let y(x) = 17*x + 17. Suppose 35*k + 28 = 21*k. Let i be y(k). Determine q(i).
5
Let g(x) = -x**3 + 4*x**2 + 3*x - 6. Let p(h) be the second derivative of h**4/6 + 11*h**3 - 32*h**2 + 4*h + 37. Let w be p(-34). Determine g(w).
6
Let v(y) = -3*y - 44. Let x be v(-15). Let u be (-16)/(-48)*(x - -8). Let k(l) = l**3 - 2*l**2 + l - 3. What is k(u)?
9
Let k(t) = -4*t**3 + 2*t**2 - 5*t + 3. Let n(c) = -5*c**3 + 2*c**2 - 5*c + 3. Let a(g) = -6*k(g) + 5*n(g). Let z = -47903 - -47900. Calculate a(z).
-9
Let t be 37/7 + (-2)/7. Let s(q) = 35*q**2 - 25*q + 2. Let l(i) = -19*i**2 + 13*i - 1. Let u = -271 + 260. Let m(o) = u*l(o) - 6*s(o). What is m(t)?
9
Let g be ((-3)/(270/40))/((-2)/9). Let a(r) = 5*r**g + 5 - 712*r**3 - 5*r - 4 + 713*r**3. Calculate a(-5).
26
Let k(n) be the first derivative of n**3/3 + n**2/2 - 4*n + 4535. Give k(0).
-4
Let t = 632 - 602. Let a be 50/(-6) + t/90. Let v(f) = -f**3 - 7*f**2 + 8*f. Calculate v(a).
0
Suppose -2*d + 3*z - 8 = 0, 5*d = 7*d - z + 4. Let y(w) = -90*w**3 - w**2 + 6*w + 6. Determine y(d).
89
Let n(m) = -7*m + 8*m - 3*m + m - 29. Let d be n(-34). Let o(a) = a**2 - 8*a + 2. Determine o(d).
-13
Let d(v) = 6*v**2 + 70*v + 138. Let x be d(-2). Let s(j) = -j**3 + 26*j**2 - 87*j - 12. Calculate s(x).
10
Let k(a) = -79*a + 312. Let l be k(4). Let v(q) = -7*q**2 + 4*q**2 - q**3 - 2*q - q**2 + 5 + 0*q. Give v(l).
13
Let o(j) = -4*j**3 - 39*j - 40. Let t be o(-1). Let p(y) = t*y**2 + 1 - 23*y**3 - y**2 + 137*y - 5*y**2 - 136*y + 4*y**2. Calculate p(-1).
24
Let y(l) be the second derivative of 0 + 2*l**2 - 4/3*l**3 - 56*l + 1/12*l**4. Determine y(6).
-8
Let i(p) be the third derivative of 2*p**4/3 + 3*p**3 + 2143*p**2. Determine i(-1).
2
Let s be (-805)/(-21) + -13 - (-2)/3. Let p(d) = 4*d - 33 + s + 7*d**2 + d**3 + 7. Give p(-7).
-28
Let p(x) be the first derivative of -1/4*x**4 + 1/3*x**3 + 23 - 2*x - 1/2*x**2. Let j be ((-36)/4 - -9)/(-1 + -1). Calculate p(j).
-2
Let t = 3 - 1. Suppose 0*c - c = f + 1, -2*f + 28 = -4*c. Let u(y) = 7. Let s(z) = -z + 9. Let m(k) = c*s(k) + 6*u(k). Calculate m(t).
7
Let s = 330 - 322. Let j(d) = 7*d + 3. Let i(l) = -8 - 2*l + 2 + 5. Let f(o) = s*i(o) + 3*j(o). What is f(1)?
6
Let p(t) = -2288 - t**3 - 2293 + 3*t + 4590 + 2*t**2. What is p(4)?
-11
Suppose 10*d = -4 - 6. Let t(r) = r**2 + r - 6. Let y(a) = 18*a**2 + 6*a - 30. Let m(n) = 5*t(n) - y(n). Give m(d).
-12
Let c = 1376 + -1382. Let h(r) = 3*r + 15. Determine h(c).
-3
Let o(c) = 9*c + 5. Let x = 3279 - 3283. Calculate o(x).
-31
Let s(l) = -l + 1. Suppose -3*p - c = 78, 2*p = -5*c - 52 + 13. Let j be 156/21 + p/63. Calculate s(j).
-6
Suppose b - 5*h + 24 - 15 = 0, 0 = b - 4*h + 4. Let x(v) = -17 + b + 9 - v. Let o = 16 + -9. Give x(o).
1
Let c(w) = -w - 2*w**2 + 6*w**2 + w**2 + 4 - w**2 - 2*w**3. Determine c(4).
-64
Suppose 0 = 4*j - j. Let r(i) be the third derivative of -i**4/24 + 7*i**3/2 + 2*i**2 + 3*i - 55. Give r(j).
21
Let o(j) = 28*j**2 + 15*j - 43. Let g(m) = -17*m**2 - 7*m + 23. Let q(c) = -5*g(c) - 3*o(c). Calculate q(10).
14
Let y(r) = 2*r**3 + 125*r**2 + 828*r + 163. Let h be y(-55). Let m(v) = 5*v + 0 - 2 - 18*v. Determine m(h).
24
Let y(t) = 1 + 0*t + 6*t - t. Suppose -34*p = -33*p - 20. Suppose 26*c + p = 6*c. Calculate y(c).
-4
Let q(u) = 13*u**2 + 180 - 6030*u**3 + 6029*u**3 - 175. Let l(g) = -g**3 - 3*g - 1. Let s be l(-2). Give q(s).
5
Let m(c) be the first derivative of -46 + 3*c + 0*c**2 + 1/3*c**3. What is m(-3)?
12
Suppose -17*l + 61*l = 1584. Let i(t) = -11 + 4 - 33*t - 10 + l*t. Determine i(5).
-2
Let d(z) be the third derivative of 0 + 0*z - 17/6*z**3 + 41*z**2 + 1/24*z**4. Determine d(7).
-10
Let o(h) = -h - 6. Let r(f) be the second derivative of -21*f - 26*f**2 + 1/2*f**3 + 0. Let u be r(14). Determine o(u).
4
Let n(k) = -2*k + k**2 + 2*k - 44151 - 44147 - 9*k**3 + 88296. Calculate n(2).
-70
Let c(j) be the second derivative of -j**3/6 - 3*j**2/2 - 86*j. Let q(z) = -4*z - 14. Let v(k) = 9*c(k) - 2*q(k). Give v(-10).
11
Suppose 0 = 23*f + 5 + 248. Let a(o) = 12*o + 11. Let v(p) be the second derivative of 23*p**3/6 + 10*p**2 - 2*p. Let z(n) = f*a(n) + 6*v(n). Calculate z(1).
5
Let r(h) be the first derivative of -h**2 - 3*h - 308. Suppose -7*z - z = -40. Calculate r(z).
-13
Let s(h) = 2 + 4 + 6 + 1 - 1 + 6*h + 5*h**2. Let t(z) = 4*z**2 + 7*z + 11. Let l(j) = 3*s(j) - 4*t(j). Give l(-8).
8
Let h(i) = 8 - 7*i + 3*i + 1. Suppose 16 = 4*g + 3*r, 5*g - 60 + 29 = -r. Calculate h(g).
-19
Let z(c) = -16*c - 35. Let l be z(-3). Suppose 0*d = l*d + 26. Let o(m) = -m - 2*m**3 - m**3 + m**2 - 3*m**2 + 1. Determine o(d).
19
Let y(j) be the first derivative of j**4/4 - j**3 + j**2/2 - 3*j + 1. Let l = 76 - -4. Let r = l + -77. Determine y(r).
0
Suppose 5*f + 15 = 5*o + 35, -3*o = -9. Suppose 0 = f*p + 5*p + 12. Let h(i) = 7*i**2 - 2*i - 1. What is h(p)?
8
Suppose 21 - 31 = -2*b. Let c(f) = 4*f - 19. Let l be c(b). Let q be l/3 - 60/45. Let x(v) = -7*v**2 + 2*v + 1. Calculate x(q).
-8
Let f(b) = -b**2 - 11*b - 8. Suppose 5*i - 12*m = -10*m - 31, 5*i + 4*m + 73 = 0. What is f(i)?
10
Let u(w) = 12*w + 23. Suppose 4*k = 92*f - 96*f - 24, -3*k - 18 = -f. Give u(k).
-49
Let m(r) = 2*r**3 + 2*r**2 + 3*r - 5. Let i = 1408 - 1406. Calculate m(i).
25
Let v(c) = 2*c**2 - 6*c + 10. Let a be v(4). Suppose -a + 15 = -3*o - 3*m, 1 = 3*o + 4*m. Let l(q) = -4*q - 4 + q**2 + 3*q + 0*q. What is l(o)?
2
Suppose -u = 2*n - 5, 0 = -4*n - 4*u - 0*u + 12. Let p(y) = -5*y - 11*y - n + 1 + 14*y. Give p(-4).
7
Let j(t) = 13*t**3 - t**2 + t - 1. Let z = 64 - 60. Let k be -11*z/(-28) - 20/35. What is j(k)?
12
Let i(z) = -14309 - z - z**3 + 14300 - 2*z**2 - 2*z**2. Determine i(-4).
-5
Suppose -173 = 80*i - 74 + 701. Let p(s) = 4*s + 46. Determine p(i).
6
Let w(x) = 51*x - 419. Let f(y) = -101*y + 841. Let a(l) = -2*f(l) - 5*w(l). Determine a(8).
-11
Let d(r) = -r + 1. Let o = 35 + -36. Let s(l) = -2*l + 2. Let k(t) = t - 1. Let f(z) = 6*k(z) + 2*s(z). Let h(a) = o*d(a) - f(a). Give h(4).
-3
Let f be 21 + -13 - (-2 + -2)/(-2). Let p be (-2)/5 - 44/(-10). Let n(c) = f*c + 1 - 6 + p. What is n(-1)?
-7
Let u(h) = -18*h**2 + 12*h. Let p(c) = 75*c + 6527. Let q be p(-87). What is u(q)?
-48
Let z(x) = -2*x**2 + 6*x + 19. Let s be z(5). Let y(g) be the second derivative of -g**4/12 - g**3/6 - 2*g + 17. Calculate y(s).
0
Suppose -2070*v = 1766*v + 3836. Let x(s) = -s**3 - s**2 + s + 1. Let p(t) = 7*t**3 + t**2 - 5*t - 4. Let z(g) = p(g) + 3*x(g). Give z(v).
-5
Let q(j) = j**2 - 4*j + 1. Let m be q(3). Let k(c) be the first derivative of -2*c**3/3 - c**2/2 + 2*c - 13273. Determine k(m).
-4
Suppose -57*g = 52*g - 218. Let y(n) be the second derivative of 0 + 5/2*n**g - 12*n - 2/3*n**3. What is y(5)?
-15
Let p(d) be the third derivative of d**6/120 + 3*d**5/4 + 15*d**4/8 + 31*d**3/6 + 938*d**2 + 4*d + 2. Determine p(-44).
-13
Let u(c) = -4*c**2 + 6 - 4*c + 237*c**3 - 236*c**3 + 8*c**2 + 16*c + 8*c**2. Calculate u(-11).
-5
Let f(k) = k**3 - 3*k + 1. Let q be 9/(-15) - 165/(-25). Let l be (q/(-9))/((-2)/(-9)). Determine f(l).
-17
Suppose 0*w + 3*w + 9 = 0. Let u be -7 - w - (-5 - -3). Let f be -4 - -7 - -1 - u. Let b(z) = -z**3 + 7*z**2 - 4*z - 5. Calculate b(f).
7
Suppose -17 = 4*z - 1. Let q(i) = -10*i + 3. Let b(g) = -6*g - 1. Let f(r) = 2*b(r) - q(r). Calculate f(z).
3
Let y(m) = 314*m - 310. Let t be y(1). Let o(v) be the third derivative of -7/24*v**t + 0*v + 5/6*v**3 + 1/120*v**6 - 6*v**2 + 0 - 1/20*v**5. What is o(4)?
-7
Suppose 3 - 5 = -t. Let w be t/((-14)/10 + 1). Let m(c) be the second derivative of -c**4/12 - 7*c**3/6 - 2*c**2 + 30*c + 8. Calculate m(w).
6
Let o(k) be the second derivative of k**5/20 + k**4/6 - k**3/2 + k**2/2 - k. Let u be ((-23)/(-2))/(-3*7/42). Let l be (-7 - 1)*u/92. Give o(l).
11
Suppose -11*u + 58*u - 141 = 0. Let j(c) = -c - 6*c + 269 - 517 + 255 + u*c**2. Determine j(5).
47
Let r(z) = z**2 + 6 + 11 - 7 - 6*z. Let h(i) = -2*i**2 + 198*i + 2428. Let x be h(110). What is r(x)?
26
Suppose 6*l - 4*l = -10. Let w(d) = d**2 - 7 